t = -5*w + z. Determine n(t).
-5
Let v(t) = -t**3 + 3*t**2 - 2*t - 2. Suppose 3*i - 4 = -5*c, 3*c - 2*i - 12 = i. Suppose 10 = c*x - 2. Suppose -x*f + 3*f = -6. Calculate v(f).
-2
Suppose 2*y = -5*n - 25, -4*y + 8 = -5*n - 17. Let p(d) = -d - 11. Give p(n).
-6
Let l(z) be the third derivative of z**5/60 + 7*z**4/24 + 4*z**3/3 + 3*z**2 - 17*z. Determine l(-5).
-2
Let g(v) = 27*v**3 + v**2 + 6*v + 6. Let y(i) = 25*i**3 + i**2 + 5*i + 5. Let o(f) = -5*g(f) + 6*y(f). Suppose 0 = -3*t + 7*t + 4. What is o(t)?
-14
Let b = 80 + -70. Let v(s) = 2*s - 26*s + b*s + 8*s. Give v(-3).
18
Let r(q) = 7*q + 9. Let k(o) = 22*o + 28. Let y(a) = 3*k(a) - 10*r(a). Let m be y(-2). Let s(b) = -2*b + 3. Calculate s(m).
-1
Let v(a) = 9 + 1060*a + a**2 - 1058*a - 7. What is v(-4)?
10
Suppose 0 = 28*o - 23*o - 165. Suppose 0 = 2*w + 4*u - 16, 0*w = -3*w + 3*u + o. Let c(p) = p - 6. What is c(w)?
4
Let i(s) = 7*s + 4. Let t(g) = 5*g. Let w(k) = -k + 1. Let p(u) = -t(u) - 2*w(u). Let r(h) = -2*i(h) - 5*p(h). Give r(-5).
-3
Let r(k) = 2*k**2 - 5*k + 6. Let i be r(2). Let p(f) = -f**3 + 6*f**2 - 6*f. What is p(i)?
8
Let p(u) = u**2 + u + 1. Let h(i) = -8*i - 8. Let k(t) = h(t) + p(t). Let r be k(8). Let y(m) = r - 4 + 1 + 2*m. Calculate y(3).
4
Let n(l) = -l**2 + 7*l - 2. Let u be n(7). Let f(d) = -1069*d**3 + d + 13*d**2 + 1070*d**3 - 10*d**2. Calculate f(u).
2
Suppose -2*q - m = -0*q + 26, 5*q + 59 = -4*m. Let b = q - -12. Let n(u) = 2*u + 4. Give n(b).
-2
Let g(r) be the second derivative of r**4/12 - 3*r**3/2 + 9*r**2 + 2*r - 43. Calculate g(8).
10
Let m(g) = -g**2 + 3*g + 1. Let p(y) = 5*y**2 - 21*y - 7. Let j(n) = -4*m(n) - p(n). What is j(9)?
3
Let s(q) = -q**3 + 13*q**2 - q + 14. Let l be s(13). Suppose a = 5 + l. Let w(p) = -p**2 + 3*p + 4. Give w(a).
-14
Let f(b) = b - 6. Let i be f(5). Suppose 4*r = 3*u + 2*r - 24, 0 = 2*u - 5*r - 5. Let x(k) = -6 + 7 + u*k + 1 - 3. Give x(i).
-11
Let c(m) = -m**3 + 7*m**2 - m + 1. Suppose y - 67 + 68 = 0. Let j be 0 + -11 + 0 + 0. Let o be 0 + y - j - 3. What is c(o)?
-6
Suppose -o = -0*o + q - 39, -q + 211 = 5*o. Let c = o + -49. Let k(w) = -w - 5. What is k(c)?
1
Let z(c) be the third derivative of -c**4/24 - 11*c**3/6 - 98*c**2. Give z(-5).
-6
Let a(v) be the second derivative of -v**8/6720 - v**7/504 - v**6/720 - 11*v**4/6 + 26*v. Let w(j) be the third derivative of a(j). What is w(-2)?
-10
Let n(b) = b - 7. Let m = 19 + -12. Suppose m*k - 90 = 4*k. Suppose 4*z = -z + k. Calculate n(z).
-1
Let f(o) be the first derivative of 3*o + 1/2*o**2 + 11 - 1/4*o**4 + 4/3*o**3. Determine f(4).
7
Let m(q) = -4*q + 9. Suppose 0 = -h + 4*n - 6, h - 5*n - 3 = -4*n. Give m(h).
-15
Let r(m) = 9*m - 48. Let t(n) = n - 7. Let q(f) = -2*r(f) + 15*t(f). What is q(-7)?
12
Suppose 8*u - 300 = 3*u + 5*f, -5*u = 5*f - 260. Let m = u + -48. Let k(p) = p**3 - 9*p**2 + 7*p + 9. Calculate k(m).
1
Let x be 1 + 1/(-2)*(20 + -20). Let l(t) = -t**3 - 6*t**2 - 7*t + 1. Let u be (-4)/(-14) + 5/7. Let s(h) = -h**2 - h. Let i(m) = u*l(m) - 6*s(m). Give i(x).
-1
Let c(b) = -8*b**3 - 26*b**2 - 13*b + 32. Let u(h) = 3*h**3 + 9*h**2 + 4*h - 11. Let x(s) = -4*c(s) - 11*u(s). Let n be x(6). Let g(a) = a + 1. Calculate g(n).
6
Let d(c) be the third derivative of c**6/15 + c**5/60 - c**3/6 - 37*c**2 - 2*c. Calculate d(1).
8
Let r(n) = n**2 + 5*n + 1. Let y(j) = 2*j**2 + 9*j + 3. Let x(o) = -7*r(o) + 4*y(o). Calculate x(5).
35
Let t(s) = -s - 3. Let n be t(-3). Let q(w) be the third derivative of w**6/120 - w**5/60 - w**4/24 - w**3 - 103*w**2. Determine q(n).
-6
Let v = -290 - -304. Let a(s) = -s**3 + 14*s**2 + s - 16. What is a(v)?
-2
Let i = 1169 - 1165. Suppose 10 + 6 = 4*c. Let s(r) = -r**2 + 11*r - 1. Let u(v) = -3*v**2 + 32*v - 3. Let w(q) = c*u(q) - 11*s(q). Give w(i).
11
Let t(c) be the second derivative of 5*c + 0 + 3/2*c**2 + 1/3*c**3. What is t(-2)?
-1
Let k(a) be the second derivative of -a**3/2 + 2*a**2 + 622*a. Give k(2).
-2
Let x(u) = 4*u**2 + 30*u + 16. Let w be x(-7). Let t(i) = 5*i**2 - i - 1. Determine t(w).
17
Let i(y) = -4*y**2 - 3*y + 13. Let x(r) = 7*r**2 + 5*r - 25. Let o(p) = 5*i(p) + 3*x(p). Give o(4).
6
Let p(d) = 2*d**2 + 12*d + 12. Let o = 1007 + -1016. Determine p(o).
66
Let d(t) = t**3 - 2*t**2 - 3*t - 3. Let b(o) = -o**2 + 3*o**2 - 7*o**2 - 8*o + 3 + 4*o**2. Let w be b(-8). Give d(w).
-3
Let b(c) be the first derivative of -3*c**2 + 18*c - 78. Calculate b(4).
-6
Let s(k) be the second derivative of -k**5/20 + 2*k**4/3 - 11*k**3/6 + 15*k**2/2 - 100*k. Determine s(6).
21
Let p(l) be the second derivative of 0 + 5/6*l**4 - 4/3*l**3 - 1/20*l**5 - 11/2*l**2 - 22*l. Give p(9).
-2
Let x(l) = -l - 5. Let p = -25 + -3. Let s = p - -28. Determine x(s).
-5
Suppose 3*b - 9 = 6. Suppose -2*i = 1 + b. Let l(q) be the second derivative of -q**5/20 - 5*q**4/12 - q**3/2 + q**2 - 9*q. Calculate l(i).
-7
Let c be 680/255*((-26)/8 + 1). Let k(a) = -a**2 - 7*a + 5. Give k(c).
11
Let d be 13/(-65) - 11/(-5). Let t be (-21 - -21)/((1 - d)/1). Let v(q) = -q**2 - q - 14. Determine v(t).
-14
Let w(c) = 6*c**2 + 6 + 41*c**3 - 76*c**3 + 36*c**3. Calculate w(-6).
6
Let p(f) = 3*f - 113 - f**2 + 114 + 4*f + 4*f - 4*f. What is p(7)?
1
Let i(n) = -2*n + 9. Let r(h) = 2*h - 10. Let o(v) = -4*i(v) - 5*r(v). Calculate o(10).
-6
Let h(v) = 2*v**2 - 8*v + 5. Let r be h(4). Let p(a) = a**2 + a - 6*a + r - a + a. What is p(7)?
19
Let a(d) = d + 10. Let h be a(13). Suppose 0 = -h*w + 20*w - 3. Let z(p) = p - 2*p + 2 - 1 - 4*p. Determine z(w).
6
Let u be (171/18 + -8)/(6/8). Let r be 6/4 + 1/2. Let s(m) = 8*m + 24*m**r - 3 - 3*m - 23*m**u. What is s(-6)?
3
Let u(a) = -24*a**2 - 21*a + 8. Let v be u(-1). Let c(m) be the first derivative of -m**3/3 + 3*m**2/2 - m + 1. Calculate c(v).
-11
Let m(t) be the second derivative of -1/2*t**2 + 0 + 1/6*t**3 - 7*t. Calculate m(5).
4
Let w = -1300 + 1302. Let c(h) = -2*h**2 + 4*h - 7. Give c(w).
-7
Let v(k) = 52*k - 3*k**2 - 55*k + 23 - k**3 - 28. Calculate v(-3).
4
Let y(q) = -q**2 + 3*q + 11. Let w = -12 - -6. Let s(l) = l**2 - 2*l - 10. Let g be (-10)/(-3*(-6)/9). Let z(b) = g*y(b) + w*s(b). Calculate z(-4).
1
Let h be 176/12 + (4/(-6) - 0). Suppose 10 = -8*a - h. Let t(q) = -q**2 - q + 2. Determine t(a).
-4
Let f = -32 + 67. Let c(r) = -32*r + 107*r - f*r - 37*r. Give c(-6).
-18
Let w(m) be the second derivative of -m**6/360 - 3*m**5/40 - m**4/8 - 4*m**3/3 - 16*m. Let v(q) be the second derivative of w(q). What is v(-9)?
-3
Let m be 4/(-50) - 546*(-8)/(-400). Let d(z) = -z**3 - 11*z**2 + 4*z + 21. Determine d(m).
-23
Let g = -32 - -34. Let a(h) = 6 - 17 + g*h + h**2 + 7 + 2. What is a(2)?
6
Let i(x) = -2*x**3 + 2*x**2 + x. Let a be (2 - 2)*(-1)/2. Suppose -2*s - 2*m = a, 2*s + 0*m - 8 = 2*m. Suppose 0 = -3*b - s*l, -6*l = 5*b - l + 5. Give i(b).
-6
Let y(d) be the third derivative of d**4/8 + 5*d**3/2 + 560*d**2. Give y(-10).
-15
Let z(r) = -r**3 - 7*r**2 - 5*r + 8. Let h = 28 + -55. Let c = 21 + h. Determine z(c).
2
Suppose 5*t = -28 + 8. Let j = 2 - t. Let y(u) be the first derivative of -u**2 + 8*u + 1. What is y(j)?
-4
Let l(g) be the first derivative of g**4/2 - g**3 + g**2 + 2*g + 1. Let f be 48/36*((-27)/(-6) + -3). Calculate l(f).
10
Let j(z) = 6*z - 4. Let r(l) = -9*l**2 - 260*l + 35. Let n be r(-29). Give j(n).
32
Let l(q) = q**3 + 7*q**2 - 11*q - 21. Let i(p) = 5*p**2 - 61*p + 4. Let b be i(12). Calculate l(b).
3
Let g(o) = 2*o. Let p be 76/18 + (-2)/9. Let z be (13/(-4))/(1/p). Let y be 2/2 - (-13 - z). Calculate g(y).
2
Let r = -10 + 13. Let h be 2 - 1 - (-2 + r). Let m(o) be the second derivative of o**5/20 - o**4/12 + 7*o**2 + 2*o. Give m(h).
14
Let p = 1 - -1. Let n(o) = 22*o + 10. Let l(v) = 9*v + 4. Let i(s) = 12*l(s) - 5*n(s). Determine i(p).
-6
Let l be 36/(-21) - (-4)/(-14). Let f(s) be the first derivative of s**4/4 + s**3 + 3*s**2/2 - 195. Give f(l).
-2
Let j(w) = -1 + 13*w + 29 - 10*w. What is j(-9)?
1
Let p = 76 + -76. Suppose 5 = 5*g - r, -4*g = g + 2*r - 20. Let t(b) = -2*b**2 + b**g + 1 + 4*b**2 + b - 2*b**2. Give t(p).
1
Let b(g) = 2*g**3 - 8*g**2 - 12*g + 9. Let m(i) = -3*i**3 + 12*i**2 + 18*i - 14. Let s(c) = 7*b(c) + 5*m(c). Suppose -88*z - 15 = -91*z. Determine s(z).
-2
Suppose -4 = 9*q - 40. Let p(a) = -20*a + 17. Let y(v) = -13*v + 11. Let j(r) = 5*p(r) - 8*y(r). Give j(q).
13
Let z(p) = 30*p**3 -